{"id":60,"date":"2017-01-11T19:32:38","date_gmt":"2017-01-11T18:32:38","guid":{"rendered":"http:\/\/laurentberthelier.com\/?page_id=60"},"modified":"2021-10-08T11:03:01","modified_gmt":"2021-10-08T09:03:01","slug":"laurent-berthelier","status":"publish","type":"page","link":"https:\/\/laurentberthelier.com\/index.php\/laurent-berthelier\/","title":{"rendered":"Laurent Berthelier"},"content":{"rendered":"\n<p class=\"has-text-align-left\"><\/p>\n\n\n\n<p class=\"has-text-align-left\">Laurent Berthelier cr\u00e9e des jardins qu&rsquo;il imagine dans une interrogation constante de l\u2019architecture et des lieux, puis qu&rsquo;il fa\u00e7onne dans une perspective de long terme incluant les pr\u00e9occupations \u00e9cologiques et les contraintes de l\u2019entretien.<\/p>\n\n\n\n<p class=\"has-text-align-left\">Il a travaill\u00e9 notamment dans de nombreuses propri\u00e9t\u00e9s en Auvergne et en Limousin.<\/p>\n\n\n\n<p><\/p>\n\n\n\n<p><\/p>\n\n\n\n<p><\/p>\n\n\n\n<p><\/p>\n\n\n\n<ul class=\"wp-block-list\"><li>Arboretum du ch\u00e2teau de Neuvic en Corr\u00e8ze (19\u00e8me &#8211; Jardin Remarquable, inscrit), <\/li><li>Ch\u00e2teau de Vaux en Corr\u00e8ze (17\u00e8me &#8211; inscrit), <\/li><li>Domaine de Sauveterre en Sologne (19\u00e8me), <\/li><li>Ch\u00e2teau de Montecler en Mayenne (15\u00e8me\/17\u00e8me &#8211; inscrit). <\/li><\/ul>\n\n\n\n<p><\/p>\n","protected":false},"excerpt":{"rendered":"<p>Laurent Berthelier cr\u00e9e des jardins qu&rsquo;il imagine dans une interrogation constante de l\u2019architecture et des lieux, puis qu&rsquo;il fa\u00e7onne dans une perspective de long terme incluant les pr\u00e9occupations \u00e9cologiques et les contraintes de l\u2019entretien. Il a travaill\u00e9 notamment dans de nombreuses propri\u00e9t\u00e9s en Auvergne et en Limousin. Arboretum du ch\u00e2teau de Neuvic en Corr\u00e8ze (19\u00e8me &hellip; <a class=\"more-link\" href=\"https:\/\/laurentberthelier.com\/index.php\/laurent-berthelier\/\">Read More &rarr;<\/a><\/p>\n","protected":false},"author":1,"featured_media":0,"parent":0,"menu_order":0,"comment_status":"closed","ping_status":"closed","template":"","meta":{"footnotes":""},"class_list":["post-60","page","type-page","status-publish","hentry"],"_links":{"self":[{"href":"https:\/\/laurentberthelier.com\/index.php\/wp-json\/wp\/v2\/pages\/60","targetHints":{"allow":["GET"]}}],"collection":[{"href":"https:\/\/laurentberthelier.com\/index.php\/wp-json\/wp\/v2\/pages"}],"about":[{"href":"https:\/\/laurentberthelier.com\/index.php\/wp-json\/wp\/v2\/types\/page"}],"author":[{"embeddable":true,"href":"https:\/\/laurentberthelier.com\/index.php\/wp-json\/wp\/v2\/users\/1"}],"replies":[{"embeddable":true,"href":"https:\/\/laurentberthelier.com\/index.php\/wp-json\/wp\/v2\/comments?post=60"}],"version-history":[{"count":12,"href":"https:\/\/laurentberthelier.com\/index.php\/wp-json\/wp\/v2\/pages\/60\/revisions"}],"predecessor-version":[{"id":801,"href":"https:\/\/laurentberthelier.com\/index.php\/wp-json\/wp\/v2\/pages\/60\/revisions\/801"}],"wp:attachment":[{"href":"https:\/\/laurentberthelier.com\/index.php\/wp-json\/wp\/v2\/media?parent=60"}],"curies":[{"name":"wp","href":"https:\/\/api.w.org\/{rel}","templated":true}]}}